
What is the value of (-43 + 12 - -9) + (0 + 5 - (-4 + 15))?
-28
Evaluate 12 + (-13 - -5 - (4 - (66 - 0))) - -9.
75
2778 + -2691 + -90 + 2
-1
Calculate 12 - (1 + (2 - 77) - (8960 + -8954)).
92
What is the value of -1 + 22 + (-62 - (15 + -62))?
6
Evaluate -17 + -45 + 69 - -37.
44
Evaluate (-2 - -11 - (-5 - (-8 + 4))) + -51 - -4.
-37
What is the value of 18 - 0 - (2 + 66 + -106)?
56
What is the value of -2 + 1 - (-13 + 8 - -34 - 5)?
-25
-91 + (-98 - -170) - (0 + -32)
13
What is the value of -124 - (-18 + -24) - 9?
-91
What is the value of (-16 - (3 - -12)) + 15 - (-17 - -11)?
-10
Evaluate -13 - (43 + 40 + -37 - 128).
69
Calculate 144 + (-85 - -56) - 42.
73
Calculate -86 - (78 - (-42 + 299)).
93
What is 25 + ((-14 - -13) + -1 + -3 - 0)?
20
Evaluate 4 - (-287 - -303 - (45 - 1)) - (4 - -2).
26
Calculate (3 - -68) + (-207 - -145).
9
Calculate 32 + -121 - (-61 + 4).
-32
What is 39 - (5 - (-41 + 21 - -27))?
41
Calculate -68 + 7 + -1 + -5 + (13 - (-16 + 37)).
-75
Calculate 35 + -61 + 45 + -114 + -3 + (0 - -3).
-95
What is the value of 6 + -8 - (0 + 2 + -3) - (-74 + 62)?
11
5 + (-53 - (-28 + -17))
-3
Calculate (-8 + 66 - 117) + 121.
62
Calculate (-10 - (-11 + 6 - -6)) + 5 - (84 - 84).
-6
-3 - (0 + 23 - (-20 + -2 + 19 + 1))
-28
What is the value of 501 + -477 - (-2 + 52)?
-26
Calculate (-4 + 9 + -2 - (159 - 174)) + 15 + -6.
27
Evaluate (52 - (-59 - -51)) + 10.
70
Evaluate 34 + (-11 + 15 - -3 - 9) + (-2 - 5).
25
Evaluate (-7 - (67 + -7)) + (-5 + 10 - -7).
-55
What is the value of 6 + (-11 - -3) + (31 + 10 - 0 - 27)?
12
What is (49 - -23) + -14 - -2?
60
What is the value of 17 - ((-17 - 27) + 118)?
-57
What is the value of -170 + -25 + 64 + -5 - (-4 - -3 - 9)?
-126
What is -78 - (9 - (-22 + (31 - 1)))?
-79
What is -2 + 58 - -33 - (31 + -63)?
121
What is 0 + (17 + -10 - 20 - 0) - -6?
-7
What is the value of 99 + -165 + 29 - (-6 - 1)?
-30
Calculate 30 + 71 - (-46 + 113).
34
What is (1 - 0) + -13 - -2 - (-8990 + 8987) - -73?
66
What is -4 + 147 + 39 + -89 - (8 - (0 + 0))?
85
Evaluate -94 - ((176 - 29) + -286).
45
(5 - 1 - (8 + -6)) + (-287 - -309)
24
Calculate -93 - ((-72 - -38) + -79).
20
(-19 - 2) + -63 + 134 + -58
-8
What is (6 - 0 - 49 - (7 - 15)) + -12 + 1?
-46
Calculate 29 - -41 - ((-20 - -6 - -3) + 25).
56
What is the value of (-5 - 45) + -218 + 220?
-48
What is (42 - 35) + (1 + 2 - (-6 - (7 - 3)))?
20
Calculate (3 - 5) + (15 - ((-2 - -7) + 18 + 9)).
-19
Calculate -47 + 6 - -66 - -27.
52
Evaluate 165 + -164 + -12 + (-3 + 4 - -46).
36
Calculate (1 - -5) + -151 + 0 + (-5 + -14 - -22).
-142
(-4 - -146) + (-10 - (-22 - 10)) + -28
136
-18 - (40 + -81 - -49)
-26
What is -8 - (-10 + -6 + 13) - -9 - 33?
-29
What is (1 - (-4 - -90)) + -119 + 156?
-48
What is -47 + 20 - (-54 - (9 - 19))?
17
What is (-89 - -72) + 16 + 1 - 117?
-117
What is the value of -23 + -13 + 3 + -16 + (2 - -31)?
-16
(27 - (2 - -5)) + (3 + -6 - (-14 + 5))
26
What is the value of 46 - (-24 + (-15 - -19) + 26)?
40
Calculate -6 - (7 - (4 + 10 - 12 - 2)).
-13
Evaluate -16 - (-3 + 0) - (-9 + 7) - -53.
42
-47 + 124 - (-23 - -77)
23
What is the value of 64 - (-48 - (-43 - -7) - 11)?
87
Calculate -104 - (-32 - (-116 - -189)).
1
What is (-129 - -92) + (0 - 2 - 12)?
-51
Evaluate -30 + (-8 - -1 - (23 - (50 + -17))).
-27
Calculate (0 - 2) + 16 - (-71 - -56 - -2).
27
What is -67 + (22 - 13) - -48 - (95 - -1)?
-106
What is the value of 22 - (49 - (3 + 30))?
6
What is 758 + -752 - (4 + 2) - -99?
99
Calculate -53 - -100 - (-2 - -26).
23
What is -56 - (-35 + (55 - 83)) - (-55 + 0)?
62
Evaluate 24 + (2 - 0) - (-55 - -53).
28
What is the value of -70 - (-35 + -15) - (-50 - 2)?
32
-1 + -73 + 0 - (7803 - 7815) - (-5 + 1)
-58
Calculate (-10 - (5 + -8)) + (-3 - -3 - -26).
19
What is (-15 - 0 - (-38 - (-59 - -24))) + 7 + -6?
-11
Calculate (-1 - -20) + 2405 + -2437.
-13
Evaluate -44 + (45 + 9 - 44).
-34
Calculate -6108 + 6131 + (24 - -1).
48
What is the value of 12 + 5 + -13 + -5 + (8 - 0)?
7
Calculate 6 + 13 + 10 + (-1 - (2 + 7 - 0)).
19
Evaluate -3 + (-34 - (-21 - -4) - -12).
-8
Evaluate -74 - -1 - (20 + -26) - (16 + (-25 - -10)).
-68
Evaluate (29 - (14 + -6)) + (-16 - -3) + -21.
-13
-12 + -29 + 64 + 5 + -88
-60
What is -20 + (-152 - -59) + 85 + 10 + -1?
-19
Evaluate -23 - ((24 - 43) + 12).
-16
Evaluate (44 + (0 - 15) + -7 - 11) + 13.
24
What is the value of -10 + (5 - (9 - -9 - 7)) + -4 - -5?
-15
8 + 17 + (754 - 717 - (12 + -1))
51
What is the value of -27 - 1 - (8388 + -8535)?
119
Calculate -43 + (0 - -4) - (97 - 94).
-42
What is 23 + 6 - (451 - 472)?
50
Evaluate -76 + -1 - (1054 + -1134).
3
What is (-17 - -22 - -24) + 31 - -5?
65
27 - 2 - (-49 - (-5 + -57))
12
902 + -940 - (-32 - -17)
-23
Calculate 0 + -13 - (274 + -227).
-60
Evaluate -57 + 3 + -2 - (-3 - (-11 + (21 - 24))).
-67
What is (354 - 380 - (-1 - 33)) + (-2 - (-35 + -2))?
43
What is the value of (-10 - (-3 + 1)) + -57 + 30 + 14?
-21
Evaluate -77 - -81 - ((-38 - -4) + -8 - -7).
39
-67 + (190 - (199 - 98))
22
Evaluate -3 + 1 - 19 - -117 - (-21 + 6 + 5).
106
Calculate (1 - (10 + -5)) + (-351 - -411).
56
Evaluate (-90 + 258 - 39) + -90.
39
(-1 - 5 - -25) + -1 - 46
-28
What is (-28 + 5 + -15 - -5) + 31 + -20?
-22
What is the value of (124 + -197 - (-1 - -6)) + -2 + 7 + -9?
-82
-1 + (-1 - -28) - -35
61
What is -7 - (-20 + 10 + -12 - -7)?
8
What is the value of -3 - -7 - (-144 + 183 - (-6 - (-1 - 2)))?
-38
Calculate 53 + (14 - 47) + 48 + (-17 - 0).
51
What is the value of 91 + 23 + 111 + -130?
95
11 + -6 + (9 - 5) + (-6 - -3 - -38)
44
What is 22 + -58 + 14 - -61?
39
-320 - -366 - (4 - -55)
-13
Calculate 40 - (-25 - -122) - -25.
-32
What is the value of -14 + 34 + -23 - (-21 + 14 - (-1 + -65))?
-62
What is 9 - 3 - (-1 + 6 + (0 - 5) + -4)?
10
-8 + 33 + -17 - (-2 + 37)
-27
Calculate (-6 - (-1 + -3 + 2)) + (2147 - 2169).
-26
Calculate 1 - 22 - (-275 - -172).
82
What is (-21 - (-22 - 2)) + -5 - (-5 - 60)?
63
Evaluate -8 - (-6 + 37 - (23 - -81)).
65
-84 + 48 + 19 - 24
-41
What is 2676 - 2705 - (2 + -4 + 2 + -1 + -7)?
-21
(-64 - 34) + 68 - 54
-84
-4 - (81 + -1 - -2) - (4 - (-94 + 101))
-83
22 - 21 - (69 + -77)
9
What is 1 + (-1 - 1) + 21 + (35 - -1) + -7?
49
1 - (-76 - -62 - (1 + 8))
24
Calculate 69 + -66 + 26 + -10 + 13.
32
Calculate -29 - (4 - 6 - (1 - 1 - (-2 - -13))).
-38
What is the value of 13 + -58 + 36 - (0 - -31)?
-40
Calculate -8 + -4 + -6 + 6 + 6 + -53 + 144.
85
What is the value of 40 + -27 + 57 + -56?
14
Calculate (-18 - (-61 + 36)) + 17.
24
Evaluate 494 + -591 - -157 - (8 - (-1 - (-1 + -1))).
53
Calculate -18 - 1 - (41 + -148 - (0 + 13)).
101
What is the value of -30 - -9 - -22 - (-1 - -11)?
-9
What is the value of -8 + (33 - -3) - (279 + -215)?
-36
Evaluate -80 + 183 - (-4 + (12 - 12)).
107
Evaluate -1 + 77 - (-837 - -869) - (1 + 0 - 2).
45
What is the value of -7 - ((-15 + 16 - -22) + -1 + -1)?
-28
What is the value of -19 + 14 + 65 - (3 + 10 - 1)?
48
44 - (-49 - -167) - (1 - (-5 + 5 + 3))
-72
Calculate -10 - -2 - (12 + -13 + 5) - -14.
2
Evaluate (-13 - -20) + (2 - (-11 - (-3 - 11))).
6
-7 - (-14 + (-5 - (-7 + 14))) - (-3 - 3)
25
Evaluate (12 + (-5 - -5) + -4 + -10 - -11) + -24.
-15
What is 30 + (21 - (-44 + 39))?
56
Calculate (898 - 911) + 1 + 44 + 2.
34
Evaluate 4 - ((4 - 2) + (-104 - -51) - 3).
58
What is the value of -21 + 4 + (12 - (8 + -19))?
6
(20 - -14) + -21 + -58
-45
Evaluate 6 + (58 + -68 - (-7 - 17)).
20
Evaluate -196 - -124 - (-3 - 42).
-27
Evaluate 2 + -25 + -1 + (-16 + -8 - (-6 - 18)).
-24
What is -19 + 38 - (79 + -150)?
90
-32 + 13 + 2 + 48 + 3 + 12 + -5
41
What is 24 + 75 + -42 - -60?
117
Calculate 29 + (8 - (55 - 36) - 8).
10
1 + -7 + (-16 + 29 - -24) + 12
43
Calculate 98 + 122 + -231 + 92.
81
Calculate -3 - (2 + -8) - (-4 + (-71 - -59)).
19
23 + (-25 - -43) - 59
-18
Calculate 52 - ((9 + -31 - -14) + 0).
60
(-13 - (21 - (16 + 74)) - -16) + -21
51
What is the value of 17 - (-36 + -95 - -86 - (0 + 17))?
79
Evaluate (-9 - -1 - -16) + -10 + 1 + -65.
-66
Calculate 2 + (26 - -2) + -9 + 38 + -16.
43
What is the value of 22 + -23 + -21 + -6?
-28
What is 5 + (27 - -4) + (-10 - (-32 - -19))?
39
What is -66 + (47 - -36 - 40)?
-23
(-1 - -53) + 2918 + -2959
11
(-15 - -7) + (85 - (-9 - (-7 + 8)) - 1)
86
What is the value of 38 - ((-6 - 14) + 16) - (-17 + 11)?
48
79 + (114 + -121 + (-1 - (-4 - -2)) - 5)
68
Calculate -18 + 1 + 2 - ((3 - 5) + (